 0 - (-18)/(-2 - 1). Let u = h + 28. Suppose -3*q - 2*x = -u, -15 - 20 = -5*q - 3*x. What is the highest common factor of 10 and q?
2
Suppose 0 = 4*c + c + 625. Let s be c/1*(-39)/65. Let v(r) = -3*r - 9. Let t be v(-13). Calculate the highest common divisor of t and s.
15
Let x(r) = -3*r**2 + r + 4. Let h be x(2). Let a be (-66)/4*20/h. Calculate the greatest common factor of 11 and a.
11
Let l = 243 - 505. Let p = 682 + l. Suppose -8*w - p = -11*w. What is the greatest common factor of 14 and w?
14
Let f = -22 + 318. What is the greatest common divisor of 8 and f?
8
Let a = -8 + 12. Let r(y) = 35*y - y**3 - 35*y + 8*y**2 + a. Let t be r(8). What is the highest common factor of t and 1?
1
Suppose p = r - 67 + 231, -631 = -4*p - r. Calculate the greatest common divisor of p and 106.
53
Let b(f) = f**3 - 8*f**2 - 20*f - 74. Let r be b(11). What is the highest common factor of r and 92?
23
Let b = 108 + -108. Let u be (b - (1 - -3))*45/(-12). Calculate the greatest common divisor of u and 165.
15
Let q(n) = -153*n + 8. Let w(f) = 230*f - 13. Let m(u) = -8*q(u) - 5*w(u). Let a = -2 + 3. Let r be m(a). What is the greatest common divisor of r and 15?
15
Let v(j) be the third derivative of 35*j**4/24 - 26*j**2. Let o be v(1). What is the highest common factor of o and 315?
35
Let k(n) = -2*n**3 + 24*n**2 - 56*n + 10. Let r be k(7). Calculate the greatest common divisor of 48 and r.
12
Let j = 91 - 95. Let r(f) = -14*f + 20. Let y be r(j). Calculate the highest common factor of y and 190.
38
Let z = -24 + 27. Suppose 0 = -z*j + 3*y + 558, 3*j + 4*y = 5*j - 366. What is the greatest common divisor of j and 21?
21
Suppose -l + 116 = 44. Let n = -21 - -24. Suppose 0*z - z - 2*o = -18, n*o - 23 = -z. Calculate the highest common divisor of z and l.
8
Suppose 5*y = 5*s - 90, s - 4*y - y = 10. Let d be -15 - (3 - (-16)/(-4)). Let f be 0 + (-8 - 2)*d. Calculate the greatest common factor of f and s.
20
Suppose 0 = -5*a + 15, -3*a + 2*a + 895 = 2*i. Let x = 283 - i. Let m = -46 - x. Calculate the highest common divisor of m and 13.
13
Let y(a) = -a**3 - 16*a**2 - 59*a - 5. Let h be y(-11). What is the greatest common divisor of h and 26?
13
Let q be ((-560)/(-6))/((-26)/(-78)). Calculate the highest common divisor of q and 105.
35
Let u(x) = -2*x + 13. Let s be u(5). What is the greatest common divisor of 2 and s?
1
Let d = 39 + -36. Suppose -g + 11 = 3*z, -2*g = d*z - 4*g - 5. Calculate the greatest common factor of 1 and z.
1
Suppose 3*p + 10 = 88. Suppose -3*o + 105 = -222. Let h = o + p. What is the highest common divisor of 27 and h?
27
Let t(w) = -14*w - 4. Let g be t(-2). Let j(o) = 3*o - 24. Let h be j(9). Calculate the highest common divisor of h and g.
3
Suppose -11*w + 150 = 3*c - 14*w, -204 = -4*c + 3*w. Calculate the highest common factor of c and 189.
27
Let z(x) = 2*x**2 - 2*x - 3. Let v be z(-2). Suppose -v*f + 2*f = -154. Suppose 0*n + 132 = 4*n. What is the highest common factor of n and f?
11
Suppose -i + 6 = p, 6 = 5*p + 1. Suppose 1 = 2*l - 9. Calculate the greatest common factor of i and l.
5
Let l(m) = -13*m - 1. Let z be l(-1). Suppose 10*o = z*o - 4. Suppose -3*h + 3*c = -51, 7*h + o*c = 4*h + 46. Calculate the greatest common divisor of 16 and h.
16
Let u(a) be the third derivative of -a**6/120 - 11*a**5/60 - a**4/2 + 2*a**3/3 - 16*a**2. Let v be u(-10). Calculate the highest common factor of v and 12.
12
Let d = 1435 + -1358. What is the highest common factor of d and 224?
7
Let q be 49*(1/2)/((-1)/2). Let x = 67 + q. Calculate the greatest common factor of x and 12.
6
Suppose -9 = -4*s + 331. Let m be (-2)/3 - 5/15. Let d = 16 - m. What is the highest common factor of s and d?
17
Suppose -2*l + 7*l = 10. Suppose -3*o = -l*o + 6. Let i be (o/(-4))/((-3)/(-54)). What is the greatest common divisor of i and 216?
27
Suppose -498 = -3*f + 3*l, 6*f - 827 = f + 2*l. Calculate the highest common divisor of f and 132.
33
Suppose 0*r = 5*r + 10. Let h be 296 - (r - -3 - 0). Suppose -4*g = 39 - h. Calculate the greatest common factor of g and 16.
16
Suppose -17*g = -19*g + 130. Let r = g - 50. Let c be (-1)/3*(1 + -16). Calculate the highest common factor of c and r.
5
Let i = 705 + -439. What is the greatest common divisor of i and 38?
38
Let f be (-726)/(-1936) - 2234/(-16). Let v(o) = -o**2 - o + 20. Let z be v(0). What is the greatest common factor of f and z?
20
Let m(s) = 3*s**2 + 16*s - 10. Let f be m(-7). Suppose -5*l + f = 0, -3*v + 685 = v + 5*l. What is the highest common factor of v and 33?
33
Let j = 12 - 5. Calculate the greatest common factor of 133 and j.
7
Let m = 1125 + -740. Calculate the greatest common divisor of 308 and m.
77
Let m(l) = -51*l - 8. Let t be m(-8). Suppose -60 - t = -y. Suppose b - 5*b = -y. What is the highest common divisor of 23 and b?
23
Let y(k) = k**2 - 5*k + 3. Let z be y(-4). Let d = 520 - 517. What is the greatest common factor of z and d?
3
Suppose -18*p + 6120 = -8*p. What is the highest common divisor of 68 and p?
68
Let o(x) = -2 + 3*x + 35*x**2 + 0*x + 0. Let l be o(2). Let i = -582 + 598. What is the greatest common factor of i and l?
16
Let x = -110 - -192. Let n = 94 + x. Calculate the greatest common divisor of 16 and n.
16
Let n(f) = 25*f**2 + 3*f. Suppose 24 = -a - 5*k, 4 = -k - 0. Let h be n(a). Let q be 16/104 - h/(-13). Calculate the highest common factor of 20 and q.
10
Let f be -13*10/4*(2 + -14). Calculate the greatest common factor of f and 26.
26
Let l(y) = -3*y - 5 - 4 - 3. Let h be 1 + 0 + (-24)/(6 + -3). Let p be l(h). Calculate the greatest common divisor of p and 1.
1
Suppose 0 = -2*f - 2*c + 90, f - 99 = -f - 5*c. Let l(i) = 5*i**2 - 17. Suppose 0*s = s + 4. Let h be l(s). What is the highest common factor of f and h?
21
Let s be (-6 - 6) + 8 - -179. What is the greatest common factor of s and 200?
25
Suppose 0 = -b + 4*v + 85, 5*v = 3*b + 4*v - 310. What is the greatest common divisor of 15 and b?
15
Let a be -1*5 - (-2 + -160). Suppose 159*h - 180 = a*h. What is the highest common factor of h and 36?
18
Let f be 81 - ((-3 + -1)*1 - -7). What is the greatest common factor of f and 442?
26
Suppose -100 = -12*f + 2*f. Suppose -993 = -5*p - 143. What is the highest common divisor of f and p?
10
Let g = -292 + 76. Let u be (g/15)/(3*2/(-30)). Let s be (-88)/(-5) - 4/(-10). Calculate the greatest common divisor of u and s.
18
Let v(a) = 7*a - 121. Let n be v(19). Let u be 7 + (-2)/(-4)*-2. Let w be (2*-1)/((-3)/u). Calculate the highest common divisor of n and w.
4
Let q be 13/(78/(-60))*(-36)/15. Calculate the highest common divisor of 26 and q.
2
Suppose 0 = -p + 4*p + 7938. Let m be (-2)/(-10) - p/45. Suppose -11 = 4*z - m. Calculate the highest common factor of 84 and z.
12
Let s be (2/(-1) - 4)*(-27)/2. Let i = 11 - 2. Calculate the greatest common divisor of i and s.
9
Let z(p) = p**2 - 13*p - 12. Let i be z(14). Suppose -t = j - 13, -4*t = j - 4*j - 73. Calculate the highest common divisor of i and t.
2
Let a(v) = -133*v - 627. Let t be a(-5). Calculate the greatest common factor of 494 and t.
38
Let q(c) = -c**3 - 3*c**2 + 38*c + 11. Let u be q(5). Calculate the highest common divisor of u and 4.
1
Suppose 0 = -226*z + 216*z + 350. Calculate the greatest common factor of z and 21.
7
Let w(g) = 2*g**3 + g**2 - 2*g + 1. Let a be w(1). Let y(i) = i + 11. Let d be y(-7). Let x be (d + -1)*3 - -1. Calculate the highest common divisor of x and a.
2
Let y be (-12)/(-21) + (-1052)/28. Let c = -13 - y. Calculate the highest common divisor of c and 16.
8
Let k be ((-18)/81*24)/((-3)/9). Let x(i) = i + 6. Let o be x(0). Let f be (2 + (2 - o))*-1. What is the highest common factor of f and k?
2
Let s(k) = -k**2 + 12. Let w be s(-4). Let n be ((-1)/w)/((-19)/(-76)). Calculate the highest common factor of n and 1.
1
Suppose -550 = -8*y - 14*y. What is the greatest common divisor of y and 395?
5
Let c be 3/2 - 8/(-16). Suppose 41 = i + 6*p - p, c*p + 6 = i. Calculate the highest common divisor of 16 and i.
16
Let h(c) = -2*c**3 + 3 - 4*c**2 + 1 + 14*c**3 - 12*c + 14*c. Let v be h(2). Calculate the greatest common divisor of v and 11.
11
Suppose -3 = -2*g - 4*x + 9, 0 = -4*g - 2*x + 18. Suppose 0 = -2*h + g*y - y + 100, -228 = -5*h + 2*y. What is the highest common factor of h 